{"id":7608,"date":"2025-06-02T09:41:14","date_gmt":"2025-06-02T07:41:14","guid":{"rendered":"https:\/\/new.urpiner.eu\/?post_type=dokumenty&#038;p=7608"},"modified":"2025-06-02T09:43:52","modified_gmt":"2025-06-02T07:43:52","slug":"vytvorenie-vyvojovych-kapacit-so-skusobnou-odbytovou-prevadzkou","status":"publish","type":"dokumenty","link":"https:\/\/urpiner.eu\/en\/projekty-eu\/vytvorenie-vyvojovych-kapacit-so-skusobnou-odbytovou-prevadzkou\/","title":{"rendered":"Vytvorenie v\u00fdvojov\u00fdch kapac\u00edt so sk\u00fa\u0161obnou odbytovou prev\u00e1dzkou"},"template":"","class_list":["post-7608","dokumenty","type-dokumenty","status-publish","hentry"],"acf":[],"_links":{"self":[{"href":"https:\/\/urpiner.eu\/en\/wp-json\/wp\/v2\/dokumenty\/7608","targetHints":{"allow":["GET"]}}],"collection":[{"href":"https:\/\/urpiner.eu\/en\/wp-json\/wp\/v2\/dokumenty"}],"about":[{"href":"https:\/\/urpiner.eu\/en\/wp-json\/wp\/v2\/types\/dokumenty"}],"wp:attachment":[{"href":"https:\/\/urpiner.eu\/en\/wp-json\/wp\/v2\/media?parent=7608"}],"curies":[{"name":"wp","href":"https:\/\/api.w.org\/{rel}","templated":true}]}}

Vytvorenie vývojových kapacít so skúšobnou odbytovou prevádzkou
