{"id":4352,"date":"2025-05-21T10:16:08","date_gmt":"2025-05-21T08:16:08","guid":{"rendered":"https:\/\/new.urpiner.eu\/velkoobchod\/kvel-lorincik-jan\/"},"modified":"2025-05-21T10:16:08","modified_gmt":"2025-05-21T08:16:08","slug":"kvel-lorincik-jan","status":"publish","type":"velkoobchod","link":"https:\/\/urpiner.eu\/en\/velkoobchod\/kvel-lorincik-jan\/","title":{"rendered":"KVEL &#8211; L\u00d6RIN\u010c\u00cdK J\u00c1N"},"content":{"rendered":"","protected":false},"featured_media":0,"template":"","kraj":[100],"class_list":["post-4352","velkoobchod","type-velkoobchod","status-publish","hentry","kraj-banskobystricky-kraj"],"acf":[],"_links":{"self":[{"href":"https:\/\/urpiner.eu\/en\/wp-json\/wp\/v2\/velkoobchod\/4352","targetHints":{"allow":["GET"]}}],"collection":[{"href":"https:\/\/urpiner.eu\/en\/wp-json\/wp\/v2\/velkoobchod"}],"about":[{"href":"https:\/\/urpiner.eu\/en\/wp-json\/wp\/v2\/types\/velkoobchod"}],"wp:attachment":[{"href":"https:\/\/urpiner.eu\/en\/wp-json\/wp\/v2\/media?parent=4352"}],"wp:term":[{"taxonomy":"kraj","embeddable":true,"href":"https:\/\/urpiner.eu\/en\/wp-json\/wp\/v2\/kraj?post=4352"}],"curies":[{"name":"wp","href":"https:\/\/api.w.org\/{rel}","templated":true}]}}

KVEL &#8211; LÖRINČÍK JÁN
